{"id":518,"date":"2018-01-05T13:46:56","date_gmt":"2018-01-05T13:46:56","guid":{"rendered":"https:\/\/yourglobalcoach.com\/?page_id=518"},"modified":"2018-01-05T15:00:21","modified_gmt":"2018-01-05T15:00:21","slug":"impressum-de","status":"publish","type":"page","link":"https:\/\/yourglobalcoach.com\/index.php\/de\/impressum-de\/","title":{"rendered":"Impressum"},"content":{"rendered":"<div class=\"wpb-content-wrapper\"><p>[vc_row][vc_column][vc_column_text]<\/p>\n<h2>Impressum<\/h2>\n<p>[\/vc_column_text][\/vc_column][\/vc_row][vc_row margin_top=&#8221;50px&#8221; margin_bottom=&#8221;50px&#8221;][vc_column width=&#8221;1\/2&#8243;][vc_column_text]Angaben gem\u00e4\u00df \u00a7 5 TMG<\/p>\n<p>&nbsp;<\/p>\n<p><strong>Zsolt Szelpal<\/strong><\/p>\n<p>Kakukkhegyi \u00fat 3<br \/>\n1112 Budapest<\/p>\n<p><strong>Tel:<\/strong> +36 20 48 24 089<\/p>\n<p><strong>Email:<\/strong> info@yourglobalcoach.com<\/p>\n<p><strong>Website:<\/strong> www.yourglobalcoach.com[\/vc_column_text][\/vc_column][vc_column width=&#8221;1\/2&#8243;][vc_column_text]<strong>Vertreten durch:<\/strong><\/p>\n<p>Zsolt Szelpal<\/p>\n<p>&nbsp;<\/p>\n<p><strong>Steuernummer: <\/strong>68412841-1-43[\/vc_column_text][\/vc_column][\/vc_row][vc_row][vc_column][vc_column_text]<\/p>\n<h2>Datenschutz<\/h2>\n<p>Die Nutzung unserer Webseite ist in der Regel ohne Angabe personenbezogener Daten m\u00f6glich. Soweit auf unseren Seiten personenbezogene Daten (beispielsweise Name, Anschrift oder eMail-Adressen) erhoben werden, erfolgt dies, soweit m\u00f6glich, stets auf freiwilliger Basis. Diese Daten werden ohne Ihre ausdr\u00fcckliche Zustimmung nicht an Dritte weitergegeben.<\/p>\n<p>Wir weisen darauf hin, dass die Daten\u00fcbertragung im Internet (z.B. bei der Kommunikation per E-Mail) Sicherheitsl\u00fccken aufweisen kann. Ein l\u00fcckenloser Schutz der Daten vor dem Zugriff durch Dritte ist nicht m\u00f6glich.<\/p>\n<p>Der Nutzung von im Rahmen der Impressumspflicht ver\u00f6ffentlichten Kontaktdaten durch Dritte zur \u00dcbersendung von nicht ausdr\u00fccklich angeforderter Werbung und Informationsmaterialien wird hiermit ausdr\u00fccklich widersprochen. Die Betreiber der Seiten behalten sich ausdr\u00fccklich rechtliche Schritte im Falle der unverlangten Zusendung von Werbeinformationen, etwa durch Spam-Mails, vor.[\/vc_column_text][\/vc_column][\/vc_row]<\/p>\n<\/div>","protected":false},"excerpt":{"rendered":"<p>[vc_row][vc_column][vc_column_text] Impressum [\/vc_column_text][\/vc_column][\/vc_row][vc_row margin_top=&#8221;50px&#8221; margin_bottom=&#8221;50px&#8221;][vc_column width=&#8221;1\/2&#8243;][vc_column_text]Angaben gem\u00e4\u00df \u00a7 5 TMG &nbsp; Zsolt Szelpal Kakukkhegyi \u00fat 3 1112 Budapest Tel: +36 20 48 24 089 Email: info@yourglobalcoach.com Website: www.yourglobalcoach.com[\/vc_column_text][\/vc_column][vc_column width=&#8221;1\/2&#8243;][vc_column_text]Vertreten durch: Zsolt Szelpal &nbsp; Steuernummer: 68412841-1-43[\/vc_column_text][\/vc_column][\/vc_row][vc_row][vc_column][vc_column_text] Datenschutz Die Nutzung unserer Webseite ist in der Regel ohne Angabe personenbezogener Daten m\u00f6glich. Soweit auf unseren Seiten personenbezogene Daten&hellip;<\/p>\n","protected":false},"author":1,"featured_media":0,"parent":0,"menu_order":0,"comment_status":"closed","ping_status":"closed","template":"","meta":{"footnotes":""},"class_list":["post-518","page","type-page","status-publish","hentry","description-off"],"yoast_head":"<!-- This site is optimized with the Yoast SEO plugin v26.9 - https:\/\/yoast.com\/product\/yoast-seo-wordpress\/ -->\n<title>Impressum &#8226; Your Global Coach<\/title>\n<meta name=\"description\" content=\"Your Business and Executive Coach. You and your challenges are the focus. Your ambition matches my desire and empathy to help you achieve your goals in the most efficient way.\" \/>\n<meta name=\"robots\" content=\"index, follow, max-snippet:-1, max-image-preview:large, max-video-preview:-1\" \/>\n<link rel=\"canonical\" href=\"https:\/\/yourglobalcoach.com\/index.php\/de\/impressum-de\/\" \/>\n<meta property=\"og:locale\" content=\"en_US\" \/>\n<meta property=\"og:type\" content=\"article\" \/>\n<meta property=\"og:title\" content=\"Impressum &#8226; Your Global Coach\" \/>\n<meta property=\"og:description\" content=\"Your Business and Executive Coach. You and your challenges are the focus. Your ambition matches my desire and empathy to help you achieve your goals in the most efficient way.\" \/>\n<meta property=\"og:url\" content=\"https:\/\/yourglobalcoach.com\/index.php\/de\/impressum-de\/\" \/>\n<meta property=\"og:site_name\" content=\"Your Global Coach\" \/>\n<meta property=\"article:modified_time\" content=\"2018-01-05T15:00:21+00:00\" \/>\n<meta name=\"twitter:card\" content=\"summary_large_image\" \/>\n<meta name=\"twitter:label1\" content=\"Est. reading time\" \/>\n\t<meta name=\"twitter:data1\" content=\"1 minute\" \/>\n<script type=\"application\/ld+json\" class=\"yoast-schema-graph\">{\"@context\":\"https:\/\/schema.org\",\"@graph\":[{\"@type\":\"WebPage\",\"@id\":\"https:\/\/yourglobalcoach.com\/index.php\/de\/impressum-de\/\",\"url\":\"https:\/\/yourglobalcoach.com\/index.php\/de\/impressum-de\/\",\"name\":\"Impressum &#8226; Your Global Coach\",\"isPartOf\":{\"@id\":\"https:\/\/yourglobalcoach.com\/#website\"},\"datePublished\":\"2018-01-05T13:46:56+00:00\",\"dateModified\":\"2018-01-05T15:00:21+00:00\",\"description\":\"Your Business and Executive Coach. You and your challenges are the focus. Your ambition matches my desire and empathy to help you achieve your goals in the most efficient way.\",\"breadcrumb\":{\"@id\":\"https:\/\/yourglobalcoach.com\/index.php\/de\/impressum-de\/#breadcrumb\"},\"inLanguage\":\"en-US\",\"potentialAction\":[{\"@type\":\"ReadAction\",\"target\":[\"https:\/\/yourglobalcoach.com\/index.php\/de\/impressum-de\/\"]}]},{\"@type\":\"BreadcrumbList\",\"@id\":\"https:\/\/yourglobalcoach.com\/index.php\/de\/impressum-de\/#breadcrumb\",\"itemListElement\":[{\"@type\":\"ListItem\",\"position\":1,\"name\":\"Home\",\"item\":\"https:\/\/yourglobalcoach.com\/\"},{\"@type\":\"ListItem\",\"position\":2,\"name\":\"Impressum\"}]},{\"@type\":\"WebSite\",\"@id\":\"https:\/\/yourglobalcoach.com\/#website\",\"url\":\"https:\/\/yourglobalcoach.com\/\",\"name\":\"Your Global Coach\",\"description\":\"\",\"potentialAction\":[{\"@type\":\"SearchAction\",\"target\":{\"@type\":\"EntryPoint\",\"urlTemplate\":\"https:\/\/yourglobalcoach.com\/?s={search_term_string}\"},\"query-input\":{\"@type\":\"PropertyValueSpecification\",\"valueRequired\":true,\"valueName\":\"search_term_string\"}}],\"inLanguage\":\"en-US\"}]}<\/script>\n<!-- \/ Yoast SEO plugin. -->","yoast_head_json":{"title":"Impressum &#8226; Your Global Coach","description":"Your Business and Executive Coach. You and your challenges are the focus. Your ambition matches my desire and empathy to help you achieve your goals in the most efficient way.","robots":{"index":"index","follow":"follow","max-snippet":"max-snippet:-1","max-image-preview":"max-image-preview:large","max-video-preview":"max-video-preview:-1"},"canonical":"https:\/\/yourglobalcoach.com\/index.php\/de\/impressum-de\/","og_locale":"en_US","og_type":"article","og_title":"Impressum &#8226; Your Global Coach","og_description":"Your Business and Executive Coach. You and your challenges are the focus. Your ambition matches my desire and empathy to help you achieve your goals in the most efficient way.","og_url":"https:\/\/yourglobalcoach.com\/index.php\/de\/impressum-de\/","og_site_name":"Your Global Coach","article_modified_time":"2018-01-05T15:00:21+00:00","twitter_card":"summary_large_image","twitter_misc":{"Est. reading time":"1 minute"},"schema":{"@context":"https:\/\/schema.org","@graph":[{"@type":"WebPage","@id":"https:\/\/yourglobalcoach.com\/index.php\/de\/impressum-de\/","url":"https:\/\/yourglobalcoach.com\/index.php\/de\/impressum-de\/","name":"Impressum &#8226; Your Global Coach","isPartOf":{"@id":"https:\/\/yourglobalcoach.com\/#website"},"datePublished":"2018-01-05T13:46:56+00:00","dateModified":"2018-01-05T15:00:21+00:00","description":"Your Business and Executive Coach. You and your challenges are the focus. Your ambition matches my desire and empathy to help you achieve your goals in the most efficient way.","breadcrumb":{"@id":"https:\/\/yourglobalcoach.com\/index.php\/de\/impressum-de\/#breadcrumb"},"inLanguage":"en-US","potentialAction":[{"@type":"ReadAction","target":["https:\/\/yourglobalcoach.com\/index.php\/de\/impressum-de\/"]}]},{"@type":"BreadcrumbList","@id":"https:\/\/yourglobalcoach.com\/index.php\/de\/impressum-de\/#breadcrumb","itemListElement":[{"@type":"ListItem","position":1,"name":"Home","item":"https:\/\/yourglobalcoach.com\/"},{"@type":"ListItem","position":2,"name":"Impressum"}]},{"@type":"WebSite","@id":"https:\/\/yourglobalcoach.com\/#website","url":"https:\/\/yourglobalcoach.com\/","name":"Your Global Coach","description":"","potentialAction":[{"@type":"SearchAction","target":{"@type":"EntryPoint","urlTemplate":"https:\/\/yourglobalcoach.com\/?s={search_term_string}"},"query-input":{"@type":"PropertyValueSpecification","valueRequired":true,"valueName":"search_term_string"}}],"inLanguage":"en-US"}]}},"_links":{"self":[{"href":"https:\/\/yourglobalcoach.com\/index.php\/wp-json\/wp\/v2\/pages\/518","targetHints":{"allow":["GET"]}}],"collection":[{"href":"https:\/\/yourglobalcoach.com\/index.php\/wp-json\/wp\/v2\/pages"}],"about":[{"href":"https:\/\/yourglobalcoach.com\/index.php\/wp-json\/wp\/v2\/types\/page"}],"author":[{"embeddable":true,"href":"https:\/\/yourglobalcoach.com\/index.php\/wp-json\/wp\/v2\/users\/1"}],"replies":[{"embeddable":true,"href":"https:\/\/yourglobalcoach.com\/index.php\/wp-json\/wp\/v2\/comments?post=518"}],"version-history":[{"count":0,"href":"https:\/\/yourglobalcoach.com\/index.php\/wp-json\/wp\/v2\/pages\/518\/revisions"}],"wp:attachment":[{"href":"https:\/\/yourglobalcoach.com\/index.php\/wp-json\/wp\/v2\/media?parent=518"}],"curies":[{"name":"wp","href":"https:\/\/api.w.org\/{rel}","templated":true}]}}